*w**2 - w**3 - 11 - 4 - 18*w**2. Calculate the remainder when c(q) is divided by 11.
7
Let k(v) = 3*v - 23. Let o be k(-6). Let l(q) = -q**3 - 40*q**2 + 40*q - 25. What is the remainder when 62 is divided by l(o)?
14
Let n = 5 + 5. Let q(x) = x**2 - 8*x - 18. Let u be q(n). Suppose u*t + 3*p - 16 = -0, 4*p = 0. What is the remainder when t is divided by 4?
0
Suppose 4*h - 19*s - 136 = -14*s, -5*h + 215 = 5*s. What is the remainder when 460 is divided by h?
31
Let c(y) = -155*y - 3218. Calculate the remainder when 110 is divided by c(-21).
36
Suppose -w - y + 471 = -0*y, 2*w - 956 = 5*y. Suppose -4*k + 3*z + 307 = 0, k - 3*z - 26 = 44. What is the remainder when w is divided by k?
78
Suppose -10 = 5*q, -2*q = 3*l - 3*q - 5. Calculate the remainder when (-4 + (-3)/(-3))*(5 + (-48)/9) is divided by l.
0
Let d be 52/(-39) + (-388)/(-12). Calculate the remainder when 789 is divided by (33 - d)*2*(-33)/(-2).
63
Suppose -4*i - 70 = -5*q, 15 = 2*q - 3*i - 20. Suppose 11*k - q*k = 67. Let u = 172 + -137. What is the remainder when k is divided by u?
32
Let b be 7 - ((-25)/(-5) + -6). Suppose 2*r + 18 = b*r. Suppose -3*l - 4*v = -9 - 68, 4*v = r*l - 61. What is the remainder when l is divided by 8?
7
Suppose k = -k, k = 5*h. Suppose h = n - 1 - 55. What is the remainder when 445 is divided by n?
53
Suppose 0 = 4*b - 381 + 41. Suppose 0 = 4*n + n + b. Let z = n + 99. What is the remainder when z is divided by 14?
12
Suppose -348 = -223*v + 211*v. Calculate the remainder when v is divided by 3/6*(-1 - -53).
3
Suppose 8 = 24*t - 22*t. Suppose 3*v = -2 - t. Calculate the remainder when (-7)/(1*v/26) is divided by 23.
22
Let x(w) = -w**2 + 74*w + 148. What is the remainder when x(73) is divided by 13?
0
Let d = 292 - 289. What is the remainder when (-6)/(-21) - (-159)/7 is divided by (d*(-4)/7)/(11/(-77))?
11
Let k = -1843 - -1862. Suppose -5*n + 20 = 0, -q - 327 = -2*q - 2*n. What is the remainder when q is divided by k?
15
Suppose -10*d = -6*d + 4*m + 64, 4*d + 3*m + 61 = 0. Let h = 9 - d. Let v = -33 + 74. What is the remainder when v is divided by h?
19
Let i be ((-1)/2)/(2/376). Let b = -65 - i. Suppose -5*j = b - 69. Calculate the remainder when 11 is divided by j.
3
Suppose 0*f + 2 = 2*f. Suppose 2*a = 121 + f. Suppose 0 = 2*t - 2*o - 46, o = -2*t - 21 + a. What is the remainder when 61 is divided by t?
19
Let z = 7 - 4. Suppose -7 = -z*p - 1, 4*p = -4*a + 36. Suppose y + 18 = a*y. Calculate the remainder when 16 is divided by y.
1
Suppose 0*v - 18936 = -14*v + 1812. Calculate the remainder when v is divided by 303.
270
Suppose 4*l - 56 = -4*p + 5*p, 3*l = -p + 35. Calculate the remainder when 132 is divided by l.
2
Let j = -467 + 469. What is the remainder when (-200)/90*(-45)/j is divided by 26?
24
Suppose 0 = -2*d + 16*y - 19*y + 123, 3*y = 4*d - 291. Let z = d + -57. Calculate the remainder when 41 is divided by z.
5
Suppose 24*h = 2*a + 28*h - 236, -520 = -5*a + 4*h. Calculate the remainder when 2689 is divided by a.
97
Suppose 5*a - 4*a - 10 = -t, -3*a = 4*t - 39. Let o(p) = p**2 - 19*p + 113. Calculate the remainder when 76 is divided by o(t).
7
Let a(z) = 13 + 6 - 5*z**3 + 4*z**3 + 3*z - 8*z**2 + 14*z. Calculate the remainder when a(-11) is divided by 66.
63
Suppose -x + 200 = 2*d + x, -4*d + 2*x = -418. Suppose 60*i + 16*i - 2280 = 0. What is the remainder when d is divided by i?
13
Let w(j) be the first derivative of j**4/4 + 11*j**3/3 + 29*j + 115. What is the remainder when 49 is divided by w(-11)?
20
Let m(r) = 5*r + 106. Let q be m(-13). What is the remainder when 20 is divided by -2 + 16 - 287/q?
6
Calculate the remainder when 160 is divided by 15352/190 + (0 - (-2)/10).
79
Let h be (-3*2)/(3 - (-3 + 5)). Let z(m) = -m**3 - 9*m**2 - 8*m + 6. Let g be z(h). Let t = g + 73. What is the remainder when 75 is divided by t?
18
Suppose 2*r = -j - r + 29, 5*r - 3 = j. Suppose -3*p + 42 = -10*p. What is the remainder when (-7 - -4)/(p/234) is divided by j?
15
Let s(r) = r**3 + 84*r**2 - 78*r + 630. What is the remainder when 2554 is divided by s(-85)?
34
What is the remainder when (-2)/(-12) - ((-4769)/4)/((-60)/(-40)) is divided by 47?
43
Let t(h) = 10*h + 1. Calculate the remainder when t(11) is divided by (3264/(-256))/((-12)/32).
9
Let w(c) = c**3 - 7*c**2 - 14*c - 20. Let a be w(9). Let p = a + -17. Let x = p + 12. What is the remainder when 32 is divided by x?
10
What is the remainder when (1/(-6))/(23/966*-7) - -849 is divided by 86?
76
Let z = -267 + 275. Let k(o) = 61*o + 81. What is the remainder when k(z) is divided by 19?
18
Let j(s) = -s**3 - s**2 - 132*s - 965. Calculate the remainder when 3/(21/(-30) + 1) is divided by j(-6).
3
Suppose 2*i - 49 = w, 0 = 5*i - w - 93 - 37. Suppose 2*l + 925 = i*l. Calculate the remainder when (-434)/(-6) + 1/(-3) is divided by l.
35
Let m(n) = -17*n - 65. Suppose -4*w - 14 = a + w, -3*a = 2*w + 16. What is the remainder when m(a) is divided by 2?
1
Let h(r) = r**3 + 18*r**2 + 50*r + 38. What is the remainder when 243 is divided by h(-14)?
121
Let i = -691 - -461. Let w = i - -322. Suppose 6*y - 110 - 76 = 0. Calculate the remainder when w is divided by y.
30
Let z(b) be the first derivative of b**3/3 + 21*b**2/2 - 32*b - 9. What is the remainder when 153 is divided by z(-23)?
13
Let l(c) = -34*c - 21. Let w(u) = -u**2 + 19*u - 55. Calculate the remainder when l(-6) is divided by w(13).
22
Suppose -5 = x - 8, 5*f + 5*x = 3875. What is the remainder when f is divided by 25?
22
Suppose 0 = -3*c - 4*p + 2*p + 1, 0 = 4*c + 3*p. What is the remainder when (-75 + 1)/(848 - 850) is divided by c?
1
Suppose -584 - 842 = -23*t. What is the remainder when 491 is divided by t?
57
Let d = -22343 + 22354. What is the remainder when 46 is divided by d?
2
Let c be (-3)/((-15)/(-200))*-1. Let t = 52 - c. Suppose -t*n + 126 = -5*n. Calculate the remainder when n is divided by 3.
0
Suppose 5*j + 41 = 3*k, 4*k + 3*j = 6*k - 26. Suppose 0 = 4*i + 5*w - 1276, 5*i + 24*w - 1590 = 19*w. Calculate the remainder when i is divided by k.
6
Let m = -22 + 42. Suppose -5*j + 50 = 3*s, 1323*s - 2*j = 1325*s - 28. What is the remainder when m is divided by s?
0
Let c = -78 + 68. Calculate the remainder when 107 is divided by -4*(-5)/c + -2 + 40.
35
Suppose -2*g + 14 = 18, -701 = 3*c + g. Let s = 11 - c. Calculate the remainder when s is divided by 49.
48
Calculate the remainder when 30/(-90)*-1*7821 is divided by 30.
27
Let q = -1 + 10. Let v be (-524)/(-2) - 7/7. Let o = v - 232. Calculate the remainder when o is divided by q.
2
Let g = 243 - 230. Suppose 0 = -s + 35 - g. Suppose 23 = 3*l + l + 3*r, 0 = 2*l - 4*r - 28. Calculate the remainder when s is divided by l.
6
Let n = -75 - -258. Let v = -27 + 35. What is the remainder when n is divided by v?
7
Suppose 0 = -28*b + 10498 + 1374. Calculate the remainder when b is divided by 332.
92
Let u = 49 + -74. Let a = -53 - u. Calculate the remainder when 14*7/(a/(-40)) is divided by 36.
32
What is the remainder when (3 - -4) + -5 + (-6807)/6*-6 is divided by 49?
47
Let f = -46 - -80. Let z = -271 + 533. Suppose -276*d + 910 = -z*d. What is the remainder when d is divided by f?
31
Suppose 6*l = 8 + 10. What is the remainder when l - (49/2)/(7/(-98)) is divided by 58?
56
Suppose 5*r + 288 = 7*r. Let d(p) = p**2 + 4*p - 496. What is the remainder when r is divided by d(-25)?
28
Suppose 10*q = 2363 + 577. Suppose -7*a + 2*i + q = -3*a, -4*a + 299 = -i. What is the remainder when a is divided by 11?
10
Suppose -2 = 5*m - 3*g + 2*g, 4*g - 8 = 0. Suppose 5*s - 185 = 4*a, s + s - a - 77 = m. What is the remainder when 3*(-6)/27*-183 is divided by s?
40
Suppose 968*p - 6165 = 480*p + 479*p. What is the remainder when p is divided by 10?
5
Let k(g) = g**3 + 32*g**2 + 33*g + 74. Let q(c) = 2*c - 99. Let f be q(34). What is the remainder when 43 is divided by k(f)?
7
Let f = 466 + -271. Calculate the remainder when (-5 - 0)*(-3588)/f is divided by 33.
26
Let a = -3 - -2. Let m(o) = 25*o - 503. Let b be m(20). Let k = a - b. What is the remainder when 9 is divided by k?
1
Suppose 4*h - 71 = -q, -2*q + 5*h = 3*q - 255. Let l = q - -39. Calculate the remainder when l is divided by 32.
30
Suppose 3*c - 415 = 2213. Suppose 31*f = 27*f - 48*u - 176, 60 = 5*f + 4*u. What is the remainder when c is 